u - -32. What is the remainder when 42 is divided by h?
9
Suppose -47*s + s = -7222. What is the remainder when s is divided by 70?
17
Suppose -4*w = -3*t + 5*t - 86, 0 = -5*t + 5*w + 260. Let o = -17 - -30. Calculate the remainder when t is divided by o.
10
Suppose 0 = -2*g + 5*g - 5*j - 428, -2*g + 2*j + 288 = 0. Suppose -3*u = -u - g. Let c = 427 + -408. What is the remainder when u is divided by c?
16
Let g = 4805 - 4795. Suppose -2*p + 0*m + m + 4 = 0, p - 16 = 4*m. Let u(q) = -q + 49. What is the remainder when u(p) is divided by g?
9
Let j be ((-40)/(-6))/((-4)/(-66)). What is the remainder when 19 is divided by j/11 - (0 - 0)?
9
Suppose 5*o - 106 = 694. Calculate the remainder when o is divided by 41.
37
Let z(m) = 5*m**2 + 4*m + 1. Suppose 40*n - 66 = 38*n. Calculate the remainder when z(4) is divided by n.
31
Suppose 5*y = -y - 756. Let t = 140 + y. What is the remainder when 26 is divided by t?
12
Let o = -518 - -565. Suppose -2*s + 143 = -41. Calculate the remainder when s is divided by o.
45
Suppose -4*s + 0*s = -8. Let b be (-3)/((-3)/s) - -1. Suppose 256 + 62 = b*l. Calculate the remainder when l is divided by 27.
25
Let t(r) = 18*r - 158. What is the remainder when t(26) is divided by 24?
22
Let n = 20 + -13. Let j(t) = -t**2 + 8*t - 3. Let o be j(n). What is the remainder when 71 is divided by (8 - o)*-1 + 22?
17
Let h = 78 + -55. Suppose 18*m = 271 + 1043. What is the remainder when m is divided by h?
4
Let i(z) = -z**2 + 4*z - 1. Let v be i(3). Let p be v/(1*8/92). What is the remainder when 87 is divided by 2 + p + 0 + -3?
21
Let z = 14 + 33. Suppose 3*t - 2*r - 138 = -z, 4*r = t - 27. What is the remainder when t is divided by 11?
9
Let m(r) = 2*r**2 + 8*r + 5. Let a be m(-4). Let o(l) be the first derivative of 3*l**2/2 - 4*l - 1. Calculate the remainder when o(a) is divided by 7.
4
Suppose 5*a + 9 = -3*g + 3, 0 = -2*g - 5*a - 9. Suppose -95 = -g*h + 4*r, -4*h + r - 33 + 164 = 0. What is the remainder when 163 is divided by h?
31
Let u(n) = -n**2 - 10*n + 19. Let h be u(-10). Let t(s) = -s + 42. Calculate the remainder when 67 is divided by t(h).
21
Suppose 19 = 5*m - 6. Suppose -2*k - 66 = -m*k. Suppose -174 = -45*z + 43*z. What is the remainder when z is divided by k?
21
Calculate the remainder when 11 - 8/1 - -146 is divided by 6.
5
Let z(a) = -5*a + 151. Calculate the remainder when z(13) is divided by 42.
2
Let q(o) = -2*o + 1. Let r = -52 - -84. Calculate the remainder when r is divided by q(-8).
15
Let g = 27 + -9. Suppose 0 + 2 = n. Suppose -n = -w, -4*s = -4*w + 133 - 329. Calculate the remainder when s is divided by g.
15
Let c = 86 + -87. Let q(j) = -17*j**3 - j**2 + 2*j + 2. Calculate the remainder when 63 is divided by q(c).
15
Suppose -c + 7 = -d, -2*d = -3*d + 1. Suppose -8 = -c*t + 72. Calculate the remainder when t is divided by 2.
0
Let m = 5054 - 5037. Let h(q) = 9*q**2 - 3*q + 1. Calculate the remainder when h(2) is divided by m.
14
What is the remainder when 13 + 1/(2/6) is divided by 5/1 - (13 + -10)?
0
Suppose 3*b = 24 + 21. Let q = 11 - b. Calculate the remainder when 11 is divided by q + -20*2/(-4).
5
Suppose 3*l = l - 2*d + 44, -2*d + 94 = 4*l. Let y = l + -14. What is the remainder when y is divided by 1/(-2)*(-12)/2?
2
Let v(i) = 2*i - 10. Let l be v(-6). Let b(j) = -4*j**3 + 4*j**2 + 4*j + 2. What is the remainder when b(-2) is divided by 334/l*-1 - (-12)/(-66)?
12
Let v = 41 + -37. Let n = 1 - -4. Calculate the remainder when (54/12)/(2/v) is divided by n.
4
Let d(t) = -t**2 - 9*t + 3. Let c be d(-4). Let a = 7 + c. Suppose 0*y + 60 = 2*b - y, -a = -b - 2*y. What is the remainder when b is divided by 11?
8
Suppose 0*u + 4*u = 3*k + 109, -5*u = 5*k - 110. Let n(g) = g**3 - 11*g**2 - 12*g + 7. What is the remainder when u is divided by n(12)?
4
Let w = 47 + -52. Let p = 22 - w. Calculate the remainder when 79*(-1 - -1*2) is divided by p.
25
Let b be 2/5 - 72/(-45). Suppose 0 = -v - 0*v - b. Let t = v - -12. Calculate the remainder when 17 is divided by t.
7
Let s = 233 - 166. Let a = 22 - -99. Let l = a - s. Calculate the remainder when l is divided by 11.
10
Suppose s - 15 = -4*s. Suppose 61 = 4*y - s. What is the remainder when y is divided by 10?
6
Suppose 53*r + 588 = 54*r. Calculate the remainder when r is divided by 74.
70
Suppose 3*s = 2*s + 1. Let z(g) = -11*g + 12. Let l be z(3). Let t = s - l. Calculate the remainder when t is divided by 8.
6
Let i = -66 - -19. Let m = 55 + i. What is the remainder when 24 is divided by m?
0
Let t(v) = -v**3 - 3*v**2 - 5*v - 2. What is the remainder when t(-4) is divided by (0 - -1)*220/22?
4
Let v(r) = 50*r + 9. Let f(d) = -9*d - 2. Let b(s) = -11*f(s) - 2*v(s). Let y be 2/(-8) + 54/(-8). What is the remainder when 64 is divided by b(y)?
9
Suppose 4*f - 48 = -4*t - 16, 20 = 4*f. Suppose 2*i - 3*p = -1, -p - 7 - 2 = -t*i. What is the remainder when (-13 + 8/i)*-1 is divided by 7?
4
Suppose 5*q - 60 = -d, 2 + 18 = 4*d. Suppose t = 31 - q. Calculate the remainder when 98 is divided by t.
18
Let t(x) = 3*x**2 + 4*x + 12. Suppose 57 = 5*n - 18. What is the remainder when t(-4) is divided by n?
14
Let k = 98 - 58. Let n be 0 - (-2 - -2)*(-7)/(-21). Calculate the remainder when k is divided by 2/8 - (-129)/12 - n.
7
Let h = 27 - 6. Suppose w = 3*w - 4. Suppose 2*u - 4*u + 300 = 5*y, w*y - 3*u - 120 = 0. Calculate the remainder when y is divided by h.
18
Let o be 5/(-4)*(-16)/4. Suppose 4*r - 3*p = 56, 0*r + 3*r - 31 = o*p. Calculate the remainder when 66 is divided by r.
15
Let v be (-658)/(-10) + (-1)/(-5) + 1. Let y = v + -35. What is the remainder when y is divided by 11?
10
Let v(t) = -5*t + 61. Calculate the remainder when v(7) is divided by 4.
2
Let t(p) = -104*p - 13. What is the remainder when t(-2) is divided by 22?
19
Let f(q) = 3*q**2 - 12*q + 7. Let a be 6 + 2 - (5 - 2). Calculate the remainder when f(a) is divided by 12.
10
What is the remainder when (51 + 1)*(69/6 + -3) is divided by 57?
43
Let h = 215 - 209. What is the remainder when 35 is divided by h?
5
Let a = 5 + -8. Let m be (1/3)/(a/(-36)). Suppose -6 = m*s - 2*s, -j - 2*s + 24 = 0. Calculate the remainder when j is divided by 8.
6
Suppose -z + 149 = 5*f, 5*f = 312 - 307. What is the remainder when z is divided by 14?
4
Suppose 5 - 185 = -9*g. What is the remainder when 28 is divided by g?
8
Suppose 3*h = -3*k + 42, 2*k + 30 = 5*h - k. Let m be 3/(-27)*-3*6. Suppose l + 0*l = -4*v + 15, 5*l - 3 = -m*v. Calculate the remainder when h is divided by v.
1
Let l = 12 - 10. Suppose -r - 2*r = -3, -3*r + 47 = l*p. What is the remainder when 42 is divided by p?
20
Let u = 484 - 417. Suppose -3*r - 1 + 27 = 2*x, -3*r + x = -32. Calculate the remainder when u is divided by r.
7
Let c(p) = p**2 + 12*p - 8. Let o be c(-13). Let z(y) = -4*y - 42. Let h be z(-13). Suppose -o*s + 85 = -h. What is the remainder when s is divided by 4?
3
Calculate the remainder when 56 is divided by (6*(-19)/(-21))/(7/49).
18
Let i(x) = x**2 + x - 1. Let h be i(6). Let o = h + -30. What is the remainder when 52 is divided by o?
8
Let w be -2 + 38/4*14. Let t = w - 85. What is the remainder when t is divided by 13?
7
Suppose 295 = w + 116. What is the remainder when w is divided by 36?
35
What is the remainder when 53 is divided by (-7 - 12)*(-1 - 0)?
15
Let d = -2 - 5. What is the remainder when 63 is divided by 12*(28/(-3))/d?
15
Let u(o) = 3*o - 21. Let z(x) = 3*x - 22. Let q(i) = 3*u(i) - 4*z(i). Let h = -6 + 24. What is the remainder when h is divided by q(6)?
4
Let s = 1692 + -1369. What is the remainder when s is divided by 65?
63
Let a be 2/(-3*(-4)/114). Suppose 5 + a = 4*o. What is the remainder when (-68)/(-6) - (-1)/(-3) is divided by o?
5
Let a be -17 - (2/(-2) + -2). Let l = a + 28. Suppose -9*p + 13*p = 12. Calculate the remainder when l is divided by p.
2
Suppose 6235 = 32*m + 11*m. Calculate the remainder when m is divided by 51.
43
Suppose 2*q - 94 - 30 = 0. Let c = q + -54. What is the remainder when 29 is divided by c?
5
Let v(i) = 7*i**3 + 12*i**2 - 2*i - 7. Let u be v(5). Suppose 16*d = 22*d - u. What is the remainder when d is divided by 28?
25
Suppose -b - 8 = -2*b. Let a(q) = q**3 - 10*q**2 - 99 + 98 - 12*q + 3*q. Calculate the remainder when a(11) is divided by b.
5
Suppose -5 = -0*i - i, 